-26 = -a*z - 6. Let r be u(z). Calculate the highest common factor of r and 48.
12
Let b(d) = d - 1. Let u be b(2). Let z = -9522 - -9533. What is the highest common factor of u and z?
1
Let i = -1424 - -1448. Calculate the highest common factor of i and 1032.
24
Let t(v) = -1 + 2*v**2 - 2 + 12*v - 3*v**2 - 1. Let h be t(6). What is the greatest common divisor of 8 and h?
8
Suppose 6*i - 14 = -32. Let n be (-3)/((-27)/1182) + (-2)/i. Calculate the greatest common divisor of n and 12.
12
Suppose -2*x = x - 168. Let o(b) = b**3 - 14*b**2 + 14. Let u be o(14). What is the highest common factor of x and u?
14
Suppose -4*s + 7*s - 18 = w, -2*s = 3*w - 12. Suppose -s = -3*b + 6. Suppose -b = -4*i + 24. Calculate the highest common factor of i and 28.
7
Let w be 2/(8/3244) + -8. Calculate the highest common factor of 73 and w.
73
Suppose -37*f = -36*f - 72. Calculate the highest common factor of 18 and f.
18
Let q be 12/(-6)*47/2. Let t = q + 87. What is the greatest common factor of t and 16?
8
Let n(w) be the second derivative of -1/6*w**3 + 0 + 6*w - w**2 + 2/3*w**4. Let l be n(2). What is the greatest common divisor of 224 and l?
28
Let o(g) = -g**3 - 11*g**2 - 14*g. Suppose 7*v - 10 = 8*v. Let y be o(v). What is the highest common factor of y and 10?
10
Suppose -2*t + 2 = f + 3*f, -2*f - 27 = -3*t. Let m be 8/(-48) + t/6. Let y = -3 - -12. Calculate the greatest common divisor of y and m.
1
Suppose -4*q + 28 = 25*x - 21*x, 49 = 5*q - 2*x. Calculate the highest common divisor of 72 and q.
9
Suppose 2*m + 7 = -2*y + 35, y = -4*m + 23. Calculate the greatest common factor of 1177 and y.
11
Let i be 75/15 + (-1 - 9) + 17. What is the greatest common factor of 12 and i?
12
Let x = 61 + -32. Let t be (-132)/(-6)*8 + 1 + -3. What is the highest common factor of t and x?
29
Suppose 2*i + 4*p = 208, -12*i + 292 = -9*i + p. What is the highest common factor of 132 and i?
12
Suppose 9*u - 15 = 4*u. Suppose 2*v + u - 39 = 0. Calculate the highest common divisor of 144 and v.
18
Let r be (-186)/(-7) + (-96)/168. Calculate the greatest common divisor of r and 299.
13
Let d = 1398 + -672. What is the highest common divisor of d and 66?
66
Let b = 445 + -444. Let w = -1 - -3. Let m be (-3 + w)/(1/(-7)). What is the highest common factor of m and b?
1
Suppose 229 = -6*j + 1. Let x = 18 - j. Calculate the highest common factor of 14 and x.
14
Suppose -11*v + 12 = -7*v. Suppose 0*b - 2*a - 33 = -3*b, -2*b + 5*a + 33 = 0. Let p be b/6*2 - -18. Calculate the highest common factor of p and v.
3
Suppose 4*j - 1100 = -j. Suppose -6*a = -a - j. What is the greatest common divisor of 4 and a?
4
Suppose -2108 = -7*m - 10*c + 12*c, -3*m + 912 = -3*c. What is the greatest common factor of m and 240?
60
Let j be 427/21 + 1/(-3). What is the highest common divisor of 100 and j?
20
Suppose 0*w + 4*w = 44. Let x(a) = -a**2 + 10*a + 14. Let u be x(w). What is the greatest common divisor of 30 and u?
3
Let j(x) = -411*x**3 + x**2 - x + 404*x**3 - 2 - 2*x. Let v be j(-1). What is the highest common divisor of 81 and v?
9
Suppose -6*z + 338 + 22 = 0. Suppose -4*b - z = f - 5*f, 3*b = 6. Calculate the greatest common factor of f and 136.
17
Let o be (-1)/(15/(-5) + (-38)/(-13)). Calculate the highest common divisor of o and 299.
13
Let x(w) = -2*w - 1. Let q be x(4). Let b = q - -12. Suppose 0 = b*d + d - 48. What is the highest common factor of 108 and d?
12
Suppose -8*g = -5*g + 5*u - 110, -g = 4*u - 32. Calculate the greatest common factor of g and 420.
20
Let n = 277 + -253. Calculate the greatest common divisor of n and 2.
2
Let q = -10 - -12. Suppose q*y + 2 - 10 = 0. Let l be y*1*51/12. What is the highest common divisor of l and 153?
17
Suppose -4*k - 172 = -4*g, -3*g - 4*k - 9 = -131. Suppose -4*u = -9*u + f + 285, -5*u = -4*f - 300. What is the highest common divisor of g and u?
14
Let w = -218 + 488. Suppose 0*a = -5*a + w. Let t = a + -30. What is the greatest common divisor of t and 8?
8
Let b(x) = -3*x**3 - 6*x**2 + 3*x + 1. Let n be b(-3). Suppose a = -0*a + 67. Let f = a - n. What is the highest common divisor of f and 12?
12
Suppose 704*p = 711*p - 140. Calculate the highest common divisor of 245 and p.
5
Let m(r) = r**3 + r**2 - 2*r - 2. Let f be m(-1). Suppose 2*y + 4*b - 124 = f, 5*y + 3*b - 6*b = 297. Calculate the greatest common divisor of y and 12.
12
Let j be (-3 - -2 - -111) + -2. Suppose -u + k = -146, 6*u - 3*u - k - 428 = 0. Suppose 0 = 4*f + 33 - u. What is the greatest common factor of f and j?
27
Suppose 2*t = k + 16, 96 = -3*t - k + 125. Calculate the greatest common factor of 225 and t.
9
Let j(y) = -y**3 + 8*y**2 - 8*y - 3. Let r be j(7). Let p be 27 + (-2)/r*0. What is the highest common factor of p and 108?
27
Let o be 430/8 + (-40)/(-32). Calculate the greatest common factor of 22 and o.
11
Suppose 2*k = 5*r + 127, -3*k + 4*k - r - 59 = 0. What is the highest common divisor of 224 and k?
56
Let d be 11/3 + (-22)/33. Suppose 7*q + 3*m - 428 = d*q, 3*m + 12 = 0. What is the greatest common divisor of q and 10?
10
Let q(k) = 2*k**2 - 5*k + 3. Let i be q(3). Let p = 18 - 44. Let t = 40 - p. What is the greatest common divisor of i and t?
6
Let m be 608/10 - 32/40. What is the highest common factor of m and 45?
15
Let x be ((-32)/5 - 2)*10/(-4). Calculate the highest common divisor of 6 and x.
3
Let q be 1 - 5/((-5)/3). Let v = -273 - -309. Calculate the highest common factor of q and v.
4
Suppose 0 = -11*n + 195 + 1059. Calculate the greatest common factor of 418 and n.
38
Suppose 0 = l + 4*r - 33, -l + 99 = 2*l - 2*r. Suppose 0 = 2*p + p - l. Suppose -7*x + 235 - p = 0. What is the highest common factor of 8 and x?
8
Let p = 0 + 4. Suppose i = p*d + 11, -2*d + d + 4*i = 14. Let u(h) = 10*h**2 - 2*h. Let q be u(d). Calculate the highest common factor of q and 4.
4
Suppose 10 = -5*h - 4*v + 298, -2*h + v = -123. What is the highest common divisor of 220 and h?
20
Let w = 929 + -916. What is the highest common factor of 689 and w?
13
Suppose 0*m = -5*m. Suppose 2*n + 2*f - 29 = 29, 4*f = -2*n + 62. Suppose 2*q - q - n = m. Calculate the highest common divisor of 3 and q.
3
Let d = 338 - 318. Calculate the greatest common divisor of d and 460.
20
Let t(b) = 3*b - 35. Let h be t(22). What is the highest common divisor of h and 31?
31
Let d = 5 + 7. Let w = 1748 + -1718. Calculate the greatest common divisor of w and d.
6
Let w be (1 - -2) + 3 + -3 + 165. What is the highest common divisor of w and 60?
12
Suppose -3*o = 2*r - 81, 4*r - 2*o - 170 = -32. Let a = 235 - 91. Calculate the highest common factor of a and r.
36
Suppose 2*s = 5*b - 378, 4*s = -3*b + 2*s + 214. What is the greatest common factor of 1406 and b?
74
Let o(w) = w + 5. Let s = 10 + -6. Let m be o(s). Suppose 7*r + 27 = 153. What is the highest common divisor of m and r?
9
Suppose 10*b - 15*b - 150 = 0. Let u be (b/2)/(-3) - 2. Let r = 13 - 4. Calculate the highest common divisor of u and r.
3
Let w be (-5)/((180/1104)/(-3)). Calculate the greatest common factor of w and 690.
46
Let z(g) = -g**3 - g**2 + 5*g + 10. Let o be z(-5). Let b = o + -72. Calculate the highest common factor of b and 26.
13
Suppose -68*m + 2683 = 847. What is the greatest common factor of m and 144?
9
Suppose -i + 3*w - 4 = 0, 5*i - 6*w = -w - 70. Let p = 63 + i. What is the highest common factor of p and 66?
22
Let i(w) = -w - 2. Let a(x) = 2*x + 5. Let r(b) = 3*a(b) + 5*i(b). Let o be r(-6). Let q be (2/6)/(o/(-3)). Calculate the greatest common factor of 1 and q.
1
Let f be ((-1)/(-2))/((-2)/(-132)). Let b(v) = 9 - v**3 - v + 0*v**2 - 5*v**2 + 10*v - 2*v. Let l be b(-6). Calculate the greatest common divisor of l and f.
3
Let d = 59 + -57. Suppose 5*z = 5*o - 6*o + 28, -5*o = 3*z - 30. Calculate the greatest common factor of d and z.
1
Let v(d) = -d**3 - 10*d**2 + 16*d + 56. Let w be v(-11). What is the highest common divisor of 31 and w?
1
Let p be (-773)/(-10) + 6/(-20). Calculate the highest common divisor of 22 and p.
11
Let z(c) = c - 6. Let s be z(7). Let k(h) = h - 5. Let b be k(6). What is the highest common divisor of s and b?
1
Let b be (-3)/(-7) - (-1224)/(-63). Let s be 14/(-42) + b/(-3). Suppose -3*l + s*l - 39 = 0. What is the greatest common divisor of 39 and l?
13
Suppose -22 + 70 = 2*g. L